{"id":913,"date":"2024-08-23T20:48:31","date_gmt":"2024-08-23T20:48:31","guid":{"rendered":"https:\/\/staging.sutonabregu.hr\/dev\/index.php\/about\/"},"modified":"2026-01-15T23:08:25","modified_gmt":"2026-01-15T23:08:25","slug":"onama","status":"publish","type":"page","link":"https:\/\/staging.sutonabregu.hr\/dev\/onama\/","title":{"rendered":"O nama"},"content":{"rendered":"\n<div class=\"wp-block-uagb-container uagb-block-25efe059 alignfull uagb-is-root-container\"><div class=\"uagb-container-inner-blocks-wrap\">\n<div class=\"wp-block-uagb-advanced-heading uagb-block-152b2cf8\"><h1 class=\"uagb-heading-text\">O nama<\/h1><\/div>\n<\/div><\/div>\n\n\n\n<div class=\"wp-block-uagb-container uagb-layout-grid uagb-block-c07c1ca2 alignfull uagb-is-root-container\"><div class=\"uagb-container-inner-blocks-wrap\">\n<div class=\"wp-block-uagb-info-box uagb-block-439a912a uagb-infobox__content-wrap  uagb-infobox-icon-above-title uagb-infobox-image-valign-top\"><div class=\"uagb-ifb-content\"><div class=\"uagb-ifb-title-wrap\"><h2 class=\"uagb-ifb-title\">O nama<\/h2><\/div><div class=\"uagb-ifb-separator\"><\/div><p class=\"uagb-ifb-desc\">Mi smo mali krug velikih ljudi, briljantnih ideja i projekata.\u00a0 Ni\u0161ta kod nas ne ide \u201ek\u2019o na traci\u201c.\u00a0 Sve je va\u017eno.\u00a0 Svaki detalj se pomno planira i prati.\u00a0 Lokacije, projekti, nacrti, materijali koje koristimo, vanjski suradnici, na\u0161i zaposlenici, kupci. \u00a0Sve nam je jednako va\u017eno.\u00a0 Ne \u0161tedimo gdje ne treba, a \u0161tedimo gdje treba.\u00a0 Svaki projekt je pri\u010da za sebe i gradi se \u201ekao da se gradi za sebe\u201c.\u00a0 Jednostavno je, \u017eelimo i radimo na tome da svi budu zadovoljni.<br>Direktor je gra\u0111evinski in\u017eenjer i gra\u0111evina je njegova najve\u0107a ljubav.\u00a0 Ima vi\u0161e od trideset godina iskustva u svom podru\u010dju rada, uvijek kao voditelj gradili\u0161ta ili tehni\u010dki direktor.\u00a0<br><br><br>Zadnjih dvadesetak godina bavi se stanogradnjom i rezultat toga je dvadesetak uspje\u0161no izvedenih projekata, manjih ili ve\u0107ih stambenih zgrada u Zagrebu te luksuzne ku\u0107e na moru, \u010diji su sada\u0161nji vlasnici na\u0161i zadovoljni klijenti.\u00a0 Investitori smo i izvo\u0111a\u010di radova gdje na\u0161i stalno zaposleni djelatnici obavljaju posao uz provjerene kooperante s kojima sura\u0111ujemo ve\u0107 dugi niz godina.<br>Povremeno se bavimo i renovacijama i adaptacijama i sli\u010dnim gra\u0111evinskim uslugama u skladu sa \u017eeljama i potrebama klijenata. Dva projekta koja smo zavr\u0161ili u 06\/2024. i 06\/2025. godine odlu\u010dili smo urediti i iznajmljivati.\u00a0 Sve informacije i detalje o navedenim objektima mo\u017eete vidjeti pod \u201e<a href=\"https:\/\/staging.sutonabregu.hr\/dev\/#najam\" data-type=\"page\" data-id=\"10\">Najam<\/a>\u201c.<\/p><\/div><\/div>\n\n\n\n<figure class=\"wp-block-image size-custom\"><img decoding=\"async\" src=\"https:\/\/staging.sutonabregu.hr\/dev\/wp-content\/uploads\/2024\/08\/building-gcb7784ef4_1920-1-1024x683.jpg\" alt=\"\"\/><\/figure>\n<\/div><\/div>\n\n\n\n<div class=\"wp-block-uagb-container uagb-block-ada1b635 alignfull uagb-is-root-container\"><div class=\"uagb-container-inner-blocks-wrap\">\n<div class=\"wp-block-uagb-advanced-heading uagb-block-85aae344\"><h4 class=\"uagb-heading-text\">Na\u0161a Pri\u010da<\/h4><div class=\"uagb-separator\"><\/div><p class=\"uagb-desc-text\">Nerijetko dobijemo simpati\u010dne komentare s druge strane \u0161altera ili prilikom diktiranja, izgovaranja naziva na\u0161e tvrtke preko telefona.<br><br><strong><em>Kako je tvrtka Suton na bregu d.o.o. dobila ime?<\/em><\/strong>&nbsp; Iza svega postoji neka pri\u010da, a na\u0161a ide ovako\u2026&nbsp;<br><br>Direktor i jedini vlasnik nam je Suton. &nbsp;Goran Suton.&nbsp; S druge strane, suton je \u2026 suton, kako u narodu ka\u017eemo \u2013 zalazak sunca.&nbsp; Prije nekoliko godina zavr\u0161ili smo vrlo uspje\u0161an projekt koji smo u \u0161ali nazivali \u201eSuton u Zatonu\u201c.&nbsp; Mo\u017eda smo se \u0161alili, ali on je to doslovno i bio:&nbsp; suton u Zatonu.<br><br>Nastavno na to i tada aktualnu ideju, za sljede\u0107i projekt nama je bilo logi\u010dno osnovati Suton na bregu (d.o.o.).&nbsp; Tada\u0161nja ideja pretvorila se u novi projekt koji je, poga\u0111ate, \u201ena bregu\u201c.&nbsp; Jo\u0161 je u izgradnji i bit \u0107ete obavje\u0161teni o doga\u0111anjima (stay tuned). &nbsp;<\/p><\/div>\n\n\n\n<div class=\"wp-block-uagb-container uagb-block-03a254f1\">\n<div class=\"wp-block-uagb-advanced-heading uagb-block-f897f70d\"><h4 class=\"uagb-heading-text\">Zanimljivosti<\/h4><div class=\"uagb-separator\"><\/div><\/div>\n\n\n\n<ul class=\"wp-block-list\">\n<li><strong><strong>Suton \u2013 Prezime Suton u modernoj Hrvatskoj<\/strong><\/strong><\/li>\n\n\n\n<li>Sutoni u Hrvatskoj su Hrvati, najve\u0107im dijelom iz Metkovi\u0107a. U pro\u0161lom stolje\u0107u relativno najvi\u0161e hrvatskih stanovnika s ovim prezimenom ro\u0111eno je u Gradu Metkovi\u0107u i u Hercegovini (podru\u010dje \u0160irokog Brijega).&nbsp;<\/li>\n\n\n\n<li><em>(izvor:&nbsp;<a href=\"https:\/\/actacroatica.com\/hr\/surname\/Suton\/\">https:\/\/actacroatica.com\/hr\/surname\/Suton\/<\/a>)<\/em><\/li>\n\n\n\n<li style=\"margin-top:var(--wp--preset--spacing--60);margin-bottom:var(--wp--preset--spacing--60)\"><strong>Sumrak (suton)<\/strong>&nbsp;je vrijeme izme\u0111u zore i izlaska Sunca, te vrijeme izme\u0111u zalaska Sunca i sutona. U to vrijeme Sun\u010deva se svjetlost raspr\u0161uje u gornjim slojevima atmosfere, te pri tome osvjetljava ni\u017ee slojeve atmosfere, \u0161to dovodi do toga da Zemlja nije u potpunosti osvijetljena Sun\u010devim svjetlom, niti je u potpunom mraku. U to vrijeme se Sunce ne mo\u017ee vidjeti jer se nalazi ispod obzora (horizonta).&nbsp;<em>(izvor:&nbsp;<a href=\"https:\/\/hr.wikipedia.org\/wiki\/Sumrak\">https:\/\/hr.wikipedia.org\/wiki\/Sumrak<\/a>)<\/em><\/li>\n<\/ul>\n<\/div>\n<\/div><\/div>\n","protected":false},"excerpt":{"rendered":"<p>O nama Na\u0161a Pri\u010da Nerijetko dobijemo simpati\u010dne komentare s druge strane \u0161altera ili prilikom diktiranja, izgovaranja naziva na\u0161e tvrtke preko telefona. Kako je tvrtka Suton na bregu d.o.o. dobila ime?&nbsp; Iza svega postoji neka pri\u010da, a na\u0161a ide ovako\u2026&nbsp; Direktor i jedini vlasnik nam je Suton. &nbsp;Goran Suton.&nbsp; S druge strane, suton je \u2026 suton, [&hellip;]<\/p>\n","protected":false},"author":1,"featured_media":0,"parent":0,"menu_order":0,"comment_status":"closed","ping_status":"closed","template":"","meta":{"_uag_custom_page_level_css":"","site-sidebar-layout":"no-sidebar","site-content-layout":"plain-container","ast-site-content-layout":"full-width-container","site-content-style":"unboxed","site-sidebar-style":"unboxed","ast-global-header-display":"","ast-banner-title-visibility":"","ast-main-header-display":"","ast-hfb-above-header-display":"","ast-hfb-below-header-display":"","ast-hfb-mobile-header-display":"","site-post-title":"disabled","ast-breadcrumbs-content":"","ast-featured-img":"disabled","footer-sml-layout":"","ast-disable-related-posts":"","theme-transparent-header-meta":"enabled","adv-header-id-meta":"","stick-header-meta":"","header-above-stick-meta":"","header-main-stick-meta":"","header-below-stick-meta":"","astra-migrate-meta-layouts":"set","ast-page-background-enabled":"default","ast-page-background-meta":{"desktop":{"background-color":"","background-image":"","background-repeat":"repeat","background-position":"center center","background-size":"auto","background-attachment":"scroll","background-type":"","background-media":"","overlay-type":"","overlay-color":"","overlay-opacity":"","overlay-gradient":""},"tablet":{"background-color":"","background-image":"","background-repeat":"repeat","background-position":"center center","background-size":"auto","background-attachment":"scroll","background-type":"","background-media":"","overlay-type":"","overlay-color":"","overlay-opacity":"","overlay-gradient":""},"mobile":{"background-color":"","background-image":"","background-repeat":"repeat","background-position":"center center","background-size":"auto","background-attachment":"scroll","background-type":"","background-media":"","overlay-type":"","overlay-color":"","overlay-opacity":"","overlay-gradient":""}},"ast-content-background-meta":{"desktop":{"background-color":"var(--ast-global-color-5)","background-image":"","background-repeat":"repeat","background-position":"center center","background-size":"auto","background-attachment":"scroll","background-type":"","background-media":"","overlay-type":"","overlay-color":"","overlay-opacity":"","overlay-gradient":""},"tablet":{"background-color":"var(--ast-global-color-5)","background-image":"","background-repeat":"repeat","background-position":"center center","background-size":"auto","background-attachment":"scroll","background-type":"","background-media":"","overlay-type":"","overlay-color":"","overlay-opacity":"","overlay-gradient":""},"mobile":{"background-color":"var(--ast-global-color-5)","background-image":"","background-repeat":"repeat","background-position":"center center","background-size":"auto","background-attachment":"scroll","background-type":"","background-media":"","overlay-type":"","overlay-color":"","overlay-opacity":"","overlay-gradient":""}},"_themeisle_gutenberg_block_has_review":false,"footnotes":""},"class_list":["post-913","page","type-page","status-publish","hentry"],"uagb_featured_image_src":{"full":false,"thumbnail":false,"medium":false,"medium_large":false,"large":false,"1536x1536":false,"2048x2048":false},"uagb_author_info":{"display_name":"admin","author_link":"https:\/\/staging.sutonabregu.hr\/dev\/author\/admin_b0st23qd\/"},"uagb_comment_info":0,"uagb_excerpt":"O nama Na\u0161a Pri\u010da Nerijetko dobijemo simpati\u010dne komentare s druge strane \u0161altera ili prilikom diktiranja, izgovaranja naziva na\u0161e tvrtke preko telefona. Kako je tvrtka Suton na bregu d.o.o. dobila ime?&nbsp; Iza svega postoji neka pri\u010da, a na\u0161a ide ovako\u2026&nbsp; Direktor i jedini vlasnik nam je Suton. &nbsp;Goran Suton.&nbsp; S druge strane, suton je \u2026 suton,&hellip;","_links":{"self":[{"href":"https:\/\/staging.sutonabregu.hr\/dev\/wp-json\/wp\/v2\/pages\/913","targetHints":{"allow":["GET"]}}],"collection":[{"href":"https:\/\/staging.sutonabregu.hr\/dev\/wp-json\/wp\/v2\/pages"}],"about":[{"href":"https:\/\/staging.sutonabregu.hr\/dev\/wp-json\/wp\/v2\/types\/page"}],"author":[{"embeddable":true,"href":"https:\/\/staging.sutonabregu.hr\/dev\/wp-json\/wp\/v2\/users\/1"}],"replies":[{"embeddable":true,"href":"https:\/\/staging.sutonabregu.hr\/dev\/wp-json\/wp\/v2\/comments?post=913"}],"version-history":[{"count":1,"href":"https:\/\/staging.sutonabregu.hr\/dev\/wp-json\/wp\/v2\/pages\/913\/revisions"}],"predecessor-version":[{"id":1475,"href":"https:\/\/staging.sutonabregu.hr\/dev\/wp-json\/wp\/v2\/pages\/913\/revisions\/1475"}],"wp:attachment":[{"href":"https:\/\/staging.sutonabregu.hr\/dev\/wp-json\/wp\/v2\/media?parent=913"}],"curies":[{"name":"wp","href":"https:\/\/api.w.org\/{rel}","templated":true}]}}